rime factors of v(x)?
367
Let i(j) = -412*j - 63. What are the prime factors of i(-10)?
4057
Suppose 50*y = 43*y - 1925. Let f = 126 - y. List the prime factors of f.
401
Let g = -213 - -492. Suppose 4*t - 7*t = -g. Suppose 6*c - t = 201. List the prime factors of c.
7
Suppose 95 = -3*k - h, h + 76 - 221 = 5*k. Let c = k - -34. Suppose 0 = 4*v - 3*j - 232, 3*v + c*j - j = 174. What are the prime factors of v?
2, 29
Suppose -6*c = -5*w - 67051, 25*c = 20*c - 2*w + 55845. List the prime factors of c.
11171
Let m be 24/9 - (-84)/(-126). Suppose 18*j + 4278 = 22*j + m*t, -5*j = 3*t - 5348. List the prime factors of j.
1069
List the prime factors of ((-34)/(-17))/(2/3225).
3, 5, 43
Suppose 6*q - 109 + 85 = 0. Suppose 1230 = -q*u + 6*u. What are the prime factors of u?
3, 5, 41
Let r(m) = -m**3 + 5*m**2 + 8*m - 7. Let k be r(6). Let l(x) = 65*x - 37. What are the prime factors of l(k)?
2, 3
Suppose 5*u - 2*v = -213, u + 3*v = 6*u + 217. Let b = 377 + u. What are the prime factors of b?
2, 3, 7
Let y(p) = -2363*p + 1318. What are the prime factors of y(-12)?
2, 37, 401
Let h be (-3 - 37)/10 + (-255)/(-1). Let i = -133 + h. List the prime factors of i.
2, 59
Let j(d) = -1466*d - 1320. List the prime factors of j(-8).
2, 1301
Let a be 3/(-5) - (-774)/15. Let l = a - -475. List the prime factors of l.
2, 263
Suppose -4*c - 7 - 35 = 3*j, 19 = -c - 5*j. What are the prime factors of (-2 + (-15)/c)*-1230?
2, 5, 41
Let k(w) = -188*w**2 - w**3 - 107*w + 33 + 165*w**2 + 4. List the prime factors of k(-20).
977
Suppose -28*f + 2*z = -29*f + 8846, -5*z + 5 = 0. List the prime factors of f.
2, 3, 11, 67
Let r be 40/12 - (-5)/3. Suppose x = 2*s + 176, 2*x - 6*x - r*s + 691 = 0. What are the prime factors of x?
2, 3, 29
Let x(t) be the third derivative of 5*t**4/8 - 3*t**3/2 - 3*t**2. Let a(w) = 31*w - 17. Let u(v) = -2*a(v) + 5*x(v). What are the prime factors of u(7)?
2, 5
Let b = 350 + -376. What are the prime factors of 81440/65 - 2/b?
7, 179
Suppose 5*x - 15 = 0, -77 = 5*r - 2*x - 201. Suppose r*k - 3*k = 207. What are the prime factors of k?
3
Let p(c) be the second derivative of -c**5/20 - 7*c**4/12 - 3*c**3/2 + 37*c**2/2 - 28*c. What are the prime factors of p(-12)?
5, 173
Suppose -t + 2*r + 3125 = 0, 5*r + 10655 + 4970 = 5*t. What are the prime factors of t?
5
Suppose -6*t - 9 = -15. Let j be t/(3/678*-2). Let c = j + 256. What are the prime factors of c?
11, 13
Let s = 159 + 483. Let d = -409 + s. What are the prime factors of d?
233
Let y = -8749 + 18102. List the prime factors of y.
47, 199
Let x(g) be the first derivative of g**3/3 - 17*g**2/2 - 43*g - 51. List the prime factors of x(27).
227
Let p = 59 + -54. Suppose -968 = -5*i - p*u + 2*u, 5*i + u = 966. Suppose -4*c + 130 = 2*a, 0 = 3*a + 6*c - c - i. List the prime factors of a.
61
Let r be (-15)/10 + 1/2*2409. Let k = r + -564. List the prime factors of k.
3, 71
Suppose -4*p + 101*v - 96*v + 165212 = 0, -2*p - 2*v = -82642. List the prime factors of p.
3, 47, 293
List the prime factors of (774045/1169)/(1/7).
3, 5, 103
Suppose -494*v + 1861197 = -464*v - 176853. What are the prime factors of v?
3, 5, 7, 647
Let x be (11 + -3)*(-2)/(-8). Let q(d) = -1 + 3 + x + 3*d + 2. List the prime factors of q(2).
2, 3
Suppose 383 = -28*g + 131. Let r(q) be the third derivative of q**6/120 + 11*q**5/60 + 13*q**4/24 - q**3/2 + q**2. What are the prime factors of r(g)?
2, 3, 7
Let p = -589 - -2284. What are the prime factors of p?
3, 5, 113
Suppose -3*x + p = -31, -49 = -5*x + 3*p - 4*p. Suppose 0 = -x*v + 5921 + 3679. List the prime factors of v.
2, 3, 5
Let u be 1*(3 - (4 + 2128)). Let q = -1251 - u. What are the prime factors of q?
2, 439
Let a be ((-3)/9)/(20/1230)*38. Let b = -539 - a. What are the prime factors of b?
2, 3, 5
Let a be 44/6*(-5 - -20)/5. Let o be 1 - (a/1 + 2). What are the prime factors of 1/6 - 49*o/6?
2, 47
Let w(y) be the first derivative of 20*y - 1/4*y**4 + 9/2*y**2 - 5/3*y**3 + 12. List the prime factors of w(-6).
2
Let d be -248 + (-35)/(-20)*4. What are the prime factors of d/(-3) + (-2)/(-3)?
3
Let r(n) = 139*n**2 + 13*n - 139. List the prime factors of r(7).
6763
Let d = 399 - 411. What are the prime factors of -5 - 12/((-3)/((-522)/d))?
13
Let w be (6 - 7) + 4/(-1 + 2). Suppose 2*s - 6 = -3*x + w, 3*x = s. Suppose 78 = 3*d + s*d. List the prime factors of d.
13
Let q(g) = 427*g - 4. Let o(y) = -213*y + 2. Let k(f) = 11*o(f) + 6*q(f). Suppose 100*t - 213 = -113*t. What are the prime factors of k(t)?
7, 31
Let d = 2409 - -1302. List the prime factors of d.
3, 1237
Let w(r) = -r**3 + 6*r**2 + 7*r + 16. Let c be w(-7). Let j = c + -322. List the prime factors of j.
2, 3, 47
Suppose -5*w - 5*r + 71735 = 0, 186*r = 183*r. What are the prime factors of w?
14347
Let f(q) = -15*q**3 + 39*q**2 + 24*q - 51. Let k(g) = 7*g**3 - 19*g**2 - 12*g + 25. Let w(x) = -6*f(x) - 13*k(x). List the prime factors of w(9).
7, 59
What are the prime factors of 7467 + 49/((-392)/(-96))?
3, 277
Let j(y) = -1238*y**3 - 33*y**2 - 68*y - 5. What are the prime factors of j(-2)?
3, 3301
Let k = 2694 + 776. List the prime factors of k.
2, 5, 347
Suppose 5*u + 35 = -b, -b - 13 - 17 = 4*u. Let a(p) = -56*p - 105. What are the prime factors of a(b)?
5, 7, 13
Let l = 5637 - -20361. List the prime factors of l.
2, 3, 7, 619
Suppose 4*s - 3*q - 266231 = 0, 0 = -3*s + 2*q + 20440 + 179234. What are the prime factors of s?
2, 5, 13
Let n(a) = -a**2 + 5*a - 2. Let l = -123 + 123. Let w be n(l). Let h = 55 + w. What are the prime factors of h?
53
Let p(o) = -5*o**2 - 21*o - 43. Let b(i) = -i**2. Let r(g) = -4*b(g) + p(g). Let v be r(-19). Let k(m) = 5*m**2 + 8*m + 20. List the prime factors of k(v).
3, 5, 7
Suppose 4*m - 34142 = -273*s + 274*s, 4*s + 25600 = 3*m. List the prime factors of m.
2, 11, 97
Suppose -277*f + 273*f + w = -184699, -5*w - 46151 = -f. List the prime factors of f.
2, 3, 13, 37
Let u(m) = -2352*m + 265. List the prime factors of u(-7).
16729
What are the prime factors of (3/1 + 0 + 2244/(-85))*-235?
3, 13, 47
Let g be 3/(-2)*(2 - 0) + 90. Let q = g - 75. List the prime factors of q/(-8) - (-51)/2.
2, 3
Let g = -125021 - -179462. What are the prime factors of g?
3, 23, 263
Let s = 33409 - 16787. What are the prime factors of s?
2, 8311
Suppose 9*c - 1635 = 10533. What are the prime factors of c?
2, 13
Let s(t) = t**3 + 9*t**2 + 8*t + 14. Let a be s(-8). Suppose 1 = 5*f - a. Suppose -f*h - 6 = -93. List the prime factors of h.
29
Let p(t) = 1759*t**2 + 58*t - 186. What are the prime factors of p(6)?
2, 3, 3527
Suppose 2*c + 4 = h, -c + 2 + 2 = 0. Suppose 146 = -h*m + 14*m. What are the prime factors of m?
73
Let h(p) = 0*p**2 - 4 - p**3 - 21*p**2 + 31 - 13 - p + 26. List the prime factors of h(-23).
19, 59
Let h be (1*10 - 0)*12. Let s = -5027 + 5019. Let k = h - s. List the prime factors of k.
2
Suppose -2*f + 11768 = p + p, 0 = 5*f - 5*p - 29460. List the prime factors of f.
2, 23
Let q(s) = 3*s**2 - 22*s + 20. Let f = -378 + 391. What are the prime factors of q(f)?
241
Let z = -258 - -276. Suppose z*k - 1196 = 4708. List the prime factors of k.
2, 41
Suppose 14*p - 11826 = 5*p. Suppose 11*r - 3834 = p. What are the prime factors of r?
2, 3, 13
Let d = 3158 - 154. List the prime factors of d.
2, 751
Let f(q) = -5*q**3 - 6*q**2 + 2*q + 7667. List the prime factors of f(0).
11, 17, 41
Suppose -5*m = -16*m + 11. What are the prime factors of (1320/(-36))/(m/(-21))?
2, 5, 7, 11
Suppose -4*a - 30 = -5*y, -a = 2*y + 4 - 3. Suppose -3*t + y*t = -269. What are the prime factors of t?
269
Let c = 16 - 157. Let d = 143 + c. Suppose d*a - 840 = -3*a. List the prime factors of a.
2, 3, 7
Suppose 7*h = 4*h + 36. Suppose -9*x + 3*x + h = 0. Suppose -3*g - 120 = -2*l + x*g, 5*l - 4*g = 317. List the prime factors of l.
5, 13
Let t(q) = -q + 6. Let h(s) = 3*s + 3. Let m be h(0). Let k be t(m). Suppose 0 = -4*j - 4, 0 = -5*w - 2*j + k*j + 576. List the prime factors of w.
5, 23
Let p(s) = -69*s + 123. Let x be p(-25). Suppose 7*y = 14*y - x. What are the prime factors of y?
2, 3, 11
Let c = -4444 - -11092. List the prime factors of c.
2, 3, 277
Let z = 34 - 35. Let t(q) = q**2. Let w(l) = 2*l**2 + l + 2. Let j(v) = z*w(v) + 3*t(v). List the prime factors of j(-3).
2, 5
Suppose -2*r = -0 - 14. Let w = -468 + 812. Su